t h(p) = p**3 + 0*p + 0 - f - p. Calculate h(j).
-1
Suppose -5*a + 25 = -5*v, 4*v - a = a - 20. Let h(t) be the first derivative of -t**3/3 - 3*t**2/2 + 5*t - 2. Determine h(v).
-5
Let r(s) = -s**3 + 5*s**2 - s + 7. Suppose 35 = 4*l + 3*c, -4*c + 35 = 2*l + c. What is r(l)?
2
Suppose -5*f + 12 = -3. Let z(s) = -2*s + f - s - 4. What is z(-2)?
5
Suppose 3*t - 2*a - 5 = -7*a, -8 = 4*a. Suppose -t*m = -1 - 24. Let j(w) = -w**2 + 5*w + 1. Calculate j(m).
1
Let z(m) = -6*m + 2 + 2 - 6. Suppose 3*r = -x + 4, 0 = 2*x - x + 2*r - 2. Calculate z(x).
10
Let a(f) = 7*f**3 - 8*f**2 - 16*f - 3. Let t(p) = -20*p**3 + 24*p**2 + 47*p + 8. Let b(c) = -17*a(c) - 6*t(c). Calculate b(9).
-6
Let l(q) = -3*q - 7. Let y be 5/2 - 2/(-4). Let d(o) = -o**2 + 4*o - 1. Let z be d(y). Suppose -w = -f - z*w - 9, f - 5*w = 15. Determine l(f).
8
Let o(h) = -h**2 + 5*h + 0*h**2 + 2*h**2 + 1. Let u(x) = -x**2 + x. Let b(w) = -w**3 - 10*w**2 + 5*w - 4. Let v(f) = b(f) - 5*u(f). Let p be v(-5). Give o(p).
-3
Let w(j) = -j. Let n(c) = -8*c + 2. Let u(i) = -n(i) + 3*w(i). Suppose 0 = -3*d - 11 + 20. Determine u(d).
13
Let i(t) be the second derivative of 19*t**5/20 + t**4/12 - t**3/6 - t**2/2 + 7*t. What is i(-1)?
-18
Let x(w) = -3 + 1 - 2 + 0*w + w. Determine x(10).
6
Let k(w) = w**2. Let z be -3*-4*3/9. Suppose -2*f = t + 2*f + 4, 5*f + 5 = z*t. Determine k(t).
0
Let d be 46/14 + 4/(-14). Suppose d*u = u. Suppose u = 4*k + k - 25. Let z(r) = -r + 3. Give z(k).
-2
Let a be 2/(-15) - (-224)/105. Let r be (a - 3)*(0 + 3). Let b(z) = z**2 + 3*z + 3. Calculate b(r).
3
Let q(x) = 3*x**2 - x. Let h(p) = 3*p + 37. Let n be h(-12). What is q(n)?
2
Let v(w) = 3*w + 6. Let z(f) = 8*f + 19. Let r(k) = 11*v(k) - 4*z(k). What is r(-7)?
-17
Let p(t) be the third derivative of -t**5/60 - t**4/12 - t**3/6 - 11*t**2. Give p(2).
-9
Let i(w) = w**3 + 4*w**2 + 3*w - 2. Suppose -6 = -5*z + 3*k, 3*z - 6 = -0*k + k. Let r be 1/(4/z - 1). Suppose g = -0 - r. Calculate i(g).
-2
Let z(s) = 2*s**3 + s**2 + s + 1. Let n = 30 + -31. Calculate z(n).
-1
Let m(s) be the first derivative of 3*s**2 + 2 - 1/4*s**4 - 5/3*s**3 - 3*s. What is m(-6)?
-3
Let t(r) = -9*r. Let w(y) = y. Let v(o) = -5*t(o) - 40*w(o). Let i = -19 + 35. Let q = i + -17. Determine v(q).
-5
Suppose 8*q = 7 + 9. Let h(i) = -i**2 + 4*i - 3. What is h(q)?
1
Let f(n) = n**2 + 229*n**3 - 122*n**3 - 120*n**3. Calculate f(-1).
14
Let w(u) = 8*u. Let x(z) = -z. Let q(s) = -w(s) - 6*x(s). Let n be (-1 - 0)/((-1)/2). Let p be n + 6*(-3 - -2). Determine q(p).
8
Suppose 2*s = -1 + 3. Let o(c) = -s + 5*c + 2*c - 4*c - 4*c. Let q = 1 + -6. Give o(q).
4
Let a = -37 + 67. Let x be 10/a - 4/(-6). Let y(m) be the first derivative of m**3 + m - 1. Give y(x).
4
Let w = 0 - -2. Let d(z) = 3*z**w + 1 + 3*z - z**3 + 2 - 6. Give d(3).
6
Let y(b) = -3*b + 2. Let x be y(1). Let j(r) = -3*r - 1 + 6*r + r. Give j(x).
-5
Let s = -15 - -6. Let g = s - -9. Let x(h) = -h + 1. Give x(g).
1
Let c be (60/8)/(-5)*(-16)/(-12). Let u(b) = 2*b + 3. Calculate u(c).
-1
Suppose -u - 5 = -2*u + 2*d, 2*u - d = 1. Let p(c) be the first derivative of -9*c**2/2 - 1. Determine p(u).
9
Let u be 1/3*(-4 + 4). Let g(x) = -x - 4. What is g(u)?
-4
Let z(t) = -t + 1. Let u be (-7)/3 + (-3)/(-9). Let c be z(u). Suppose 3*x - 15 = 3*n + n, -c*n = 5*x + 4. Let l(j) = -j**2 + 3. Give l(n).
-6
Let x(t) = -t**2 + 2*t + 5. Let u(z) = 7*z. Let b(r) = -10*r. Let s(p) = 5*b(p) + 7*u(p). Let h(f) = -s(f) + x(f). Calculate h(5).
-5
Suppose h + 4*f - 12 = -h, h - 3 = -f. Let g(q) be the third derivative of 1/24*q**4 + h + 1/6*q**3 + 3*q**2 + 0*q. Calculate g(5).
6
Let m = 11 - 23. Let h be m/(-8)*-2*-1. Let s(y) = y**2 - y - 3. Give s(h).
3
Let u(a) be the third derivative of a**5/60 + a**4/3 - a**3/3 + 10*a**2. Give u(-7).
-9
Let j = 16 - 6. Let n be 1/(2/j*1). Let o(t) be the first derivative of -t**2 + 6*t - 37. Determine o(n).
-4
Let q(o) = o**2 + 4*o - 7. Let n = 6 - 12. Determine q(n).
5
Let t(w) = -w + 1. Let y = -3 + 7. Determine t(y).
-3
Let l(b) = 3*b + 3. Let x(o) = o + 14. Let w be x(-17). Determine l(w).
-6
Let b(o) = 11*o**3 + o**2. Let n = -3 + 0. Let d = -1 - n. Let a = 1 - d. Give b(a).
-10
Let d(k) = -k**3 + 7*k**2 - 2*k + 10. Let f = -3 - -10. What is d(f)?
-4
Let w be (3/(-2))/((-4)/(-8)). Let v(u) = -u**2 + 11*u - 9. Let f(l) = l**2 - 10*l + 9. Let p(y) = w*v(y) - 4*f(y). Determine p(6).
-3
Let l(v) = v**3 + v**2 - v - 6. Suppose 5*t - 9 = 2*t. Let q be 64/(-16) + (0 - 0). Let c be t/q + 24/32. What is l(c)?
-6
Suppose z + 9 + 5 = 5*d, -z + 1 = 0. Let o(v) = -2*v**2 + 5*v - 3. Calculate o(d).
-6
Let z(i) be the first derivative of -i**4/4 + 8*i**3/3 - 4*i**2 + 4*i - 8. Determine z(7).
-3
Let j(f) be the first derivative of f**4/4 - 5*f**3/3 + 3*f**2/2 - 3*f - 19. Give j(2).
-9
Let w(a) = -a**2 + 2*a - 2. Let o be w(2). Let z(v) = -v**2 + 2. Calculate z(o).
-2
Let z be -8 - (-20)/15*3. Let j(t) = -2*t - 5. Give j(z).
3
Let x be ((-3)/(-6))/(1/2). Let f(t) = -8*t**2 - t + 1. Calculate f(x).
-8
Let o(m) = -10*m. Let x(a) = -3*a + 2. Let z be x(-1). Suppose -3*i - 1 - 5 = 0, i = -w + 4. Suppose -l = -w*l + z. Give o(l).
-10
Suppose 20 = 4*z + 2*m - 0*m, 3*m - 27 = -5*z. Suppose 0 = z*s + s. Let n(x) = -x**3 - x**2 - 17. Calculate n(s).
-17
Suppose 4*p = 4 - 28. Let v(d) = d + 1. Calculate v(p).
-5
Let m(s) = -2*s - 10. Let j be m(-7). Let r(u) = -2 + j*u + 1 - 3*u. Let n(b) = -4*b + 2. Let x(p) = n(p) + 5*r(p). Calculate x(0).
-3
Let q(k) = k**2 + 6*k + 3. Let v(w) = w**3 - 11*w**2 + 9*w + 5. Let b be v(10). What is q(b)?
-2
Let f(m) = -6 + 6 + m + 0*m. What is f(4)?
4
Suppose -d = -1 - 1. Suppose 1 = 2*f - r, -5*f + 3*r + 2*r - 10 = 0. Let b(k) = -4 - 6 - f*k**2 + 3*k + 9 + 4*k**2. Give b(d).
9
Let q(z) = 13*z - 1. Let b be (-4)/(-1)*1 - 3. Give q(b).
12
Let a be (20/(-5) - -4)/(-4 + 2). Let i(t) = t + 4. Give i(a).
4
Let h(g) = 2*g + 1. Suppose -l - 14 = -4*x, 3*l + x - 15 = -5. Suppose -5*f - 31 = l*s, f = 4*s - 2*f + 75. Let z be (1/3)/(3/s). What is h(z)?
-3
Let z(a) = -a + 2. Let p(d) = -d**2 + 2*d - 10. Let x(u) = p(u) + 2*z(u). Let b(m) = 2*m**3 + 2 + 0*m**3 + m - m**3 + 2*m**2. Let n be b(-2). Determine x(n).
-6
Let f(d) be the second derivative of -d**3/3 - 3*d**2 - d + 21. Give f(-5).
4
Let z(c) be the third derivative of -1/2*c**3 - 1/120*c**6 + 7/60*c**5 + 0 + 0*c - 2*c**2 - 5/24*c**4. Determine z(6).
3
Let h(z) = -17*z**3 - z**2 - z - 1. Let c be h(-1). Let q be (c/(-6))/(4/(-6)). Let v(k) = 2*k - 6. Calculate v(q).
2
Let x(o) = -8. Let k(w) = w. Let z(i) = 2*i - 1. Let a be z(1). Let l(s) = a*x(s) + k(s). Suppose 3*q - 2 = -5, -h = -2*q - 7. What is l(h)?
-3
Suppose -1 = -m + 2. Suppose -5*v - 1 = 4*l - m, 0 = -v + l + 4. Suppose -v*i - 1 = -7. Let z(g) = g**3 - 3*g**2 + g - 3. Give z(i).
0
Let u be 3 + (1 - (-1 - -2)). Suppose 2*b - 3 = u*b. Let n(i) = i. Give n(b).
-3
Let m(n) = -n**2 + 5*n + 1. Let t = 2 + 2. Suppose v - 4 = -2*w, -3*w = t*v - 26 + 5. Calculate m(v).
-5
Let f(o) = 1 + 0 + 267*o - 265*o. Give f(-6).
-11
Let v(o) = -3*o - o + 3*o - 6. Suppose j - 4*j + 6 = 0. Let q(y) = -5*y - 29. Let t(w) = j*q(w) - 11*v(w). Give t(-5).
3
Let m be (24/(-10))/(6/(-15)). Let v(s) = -s + 7. Calculate v(m).
1
Let a(d) be the third derivative of -d**5/60 - d**4/4 + d**3/2 + 4*d**2. Calculate a(-7).
-4
Let u be (-20 - 1)*7/(-21). Let x(w) = 4*w**2 + 1. Let j be x(-1). Suppose j*o = u + 3. Let t(b) = -2*b**3 + 3*b**2 - b. Determine t(o).
-6
Let z(g) = 4*g**2 - g - 4. Let r(i) = 3*i**2 - 3. Let a(o) = 5*r(o) - 4*z(o). Suppose -3*j = j - 16. What is a(j)?
1
Let f be 30/(-4)*(-52)/117*-3. Let v(l) = -l**2 - 10*l + 4. What is v(f)?
4
Let j(a) = -5*a - 2. Let g be (-3)/(4 - 3) + 2/1. What is j(g)?
3
Let s = 43 - 48. Let w(y) = y + 8. Determine w(s).
3
Suppose t - 4 - 1 = 0. Let y(a) = -1 - 2 + a**2 + 6*a + 2 - t. What is y(-6)?
-6
Let r be ((-7)/4 + 1)*4. Let z(i) be the second derivative of i**5/40 + i**4/12 - 2*i**3/3 + 2*i. Let x(j) be the second derivative of z(j). Give x(r).
-7
Let b(n) = n - 6. Let t be (-4)/10 - (-17)/5. Let a be t*(-3)/9*10. Let j be a/4*4/(-2). Give b(j).
-1
Let d(n) = 2*n + 5. Suppose -63 = -9*v - 18. Determine d(v).
15
Let v(f) be the first derivative of f**3/3 + f**2/2 + 3. Let c(p) = -4*p**2 - 13*p + 9. Let q(o) = c(o) + 5*v(o). Determine q(6).
-3
Let 